d + 22. Let f be q(0). Let u(h) = h**2 - 22*h + 2. Determine u(f).
2
Let c(n) = n**2 - 7*n - 12. Let h be 31 - 23 - (-1)/1. Calculate c(h).
6
Let c(l) = -7*l**2 + 7 - l - 2 - 4*l**2. Let d(h) = 16*h**2 + 2*h - 7. Let z(i) = -7*c(i) - 5*d(i). Let p = 261 + -263. Calculate z(p).
-6
Let g(j) = -2 + j**2 + 14 - 11 + 7*j - 8 - 10. Calculate g(-8).
-9
Let m(g) be the third derivative of 0 + 0*g**3 + 0*g + 6*g**2 + 1/8*g**4. Calculate m(-5).
-15
Let m(d) = 6*d**2 + 17*d - 259. Let t(i) = -i**2 - 3*i + 41. Let v(l) = 2*m(l) + 13*t(l). Determine v(-7).
1
Let o(f) = -f + 1 + 10*f + 0*f. Let c(u) = -2*u**3 + u**2 + 3*u - 1. Suppose 21*w + 6 = 6. Let z be c(w). Determine o(z).
-8
Let o(r) = 8*r**3 - r**2 - r. Suppose 4*l + 4 = 3*l - 3*c, 5*c + 16 = 3*l. Suppose -2*u = -3*a - 12, -2*u + 5*a - 9 = -25. Let h be l/6*(0 - u). Calculate o(h).
-8
Let y(r) = -r**2 + 3*r. Let v(b) = -b**3 - 2*b**2 + 4*b + 7. Let s = -29 - -15. Let p = s + 11. Let z be v(p). Calculate y(z).
-4
Let s(j) = -2*j**3 + 2*j**3 + j**3 - 4 - j - 6*j**2. Let t(a) = -2*a. Let n(z) = 5*z - 2. Let p(m) = 2*n(m) + 4*t(m). Let o be p(5). Calculate s(o).
-10
Let z(d) be the second derivative of -7*d**3/6 + d**2 - 15*d - 1. Give z(-3).
23
Let t(f) = f**2 - 10*f + 8. Let p(b) = b**2 + b - 35. Let k be p(-7). Calculate t(k).
-13
Let r = -16 - -23. Let x = r - 5. Let w(q) = -q - 1. Let v(s) = -3*s - 4. Let o(h) = v(h) - 2*w(h). Determine o(x).
-4
Suppose 9 = 4*i - i. Let f(n) = i + 3*n - n - n. Calculate f(-7).
-4
Let v(z) = -z**3 - 5*z**2 - 5*z - 2. Let l be -12*(-5)/110*-11. Determine v(l).
64
Let d(k) be the first derivative of -5*k**2/2 - 6*k + 36. Calculate d(-5).
19
Let x(y) be the second derivative of -y**2 - 1/20*y**5 - 1/2*y**3 - 7*y + 5/12*y**4 + 0. What is x(3)?
7
Let m(q) = q - 17. Let k(p) = 2*p + 0*p - 9 + 13 + 12. Let y be k(-8). What is m(y)?
-17
Suppose 4*q - 2*a - 36 = 0, 16*q - a = 21*q - 52. Let c(p) = -p**2 + 10*p - 2. Give c(q).
-2
Let o(p) = p. Let b = 24 + -18. Let k be 114/(-9) - b/(-9). Let z be (2/3)/(4/k). Give o(z).
-2
Let q = -440 - -450. Let d(u) = -u**2 + 9*u + 3. Determine d(q).
-7
Let o(j) = -79*j + 409 + 83*j - 415 - j**2. What is o(4)?
-6
Let o be -45*((-25)/15 + 3)/4. Let h(z) = z**3 + 16*z**2 + 13*z - 16. What is h(o)?
14
Let c(f) be the first derivative of -9 - 1/2*f**2 + f - 1/3*f**3. Determine c(-2).
-1
Let q(t) = -5 - t + 14*t - 4*t + 26*t**3 - 25*t**3 - 7*t**2. Give q(5).
-10
Let u = 26 - 20. Let y(r) be the first derivative of -r**4/4 + 7*r**3/3 - 2*r**2 - 2*r - 108. Calculate y(u).
10
Suppose -9 - 2 = 4*p - 5*m, -m = -3*p. Let o(q) = q + 1. Let u(a) = -a - 4. Let v(g) = p*u(g) + 3*o(g). Let t be (2 - -2)/1 + -2. Calculate v(t).
3
Suppose 34 + 470 = 6*u. Let p(f) = f**3 - 1 + 83*f**2 - f - 10 - u*f**2. What is p(0)?
-11
Let t(q) = 13*q - 4 - q - 11*q. Suppose 4*i + 5*s + 11 = 0, -5*i - 4*s = -2*i + 8. Determine t(i).
-8
Let v(a) = -a - 8. Let f(g) = -g - 7. Let h(o) = 5*f(o) - 4*v(o). Suppose 0 = -2*i - 27 + 15. What is h(i)?
3
Suppose u = -5*d + 45 - 68, -4*d - 5*u = 31. Let h(j) = -j**3 - 4*j**2 + 2. Determine h(d).
2
Suppose 2*w - 12 = -2*w. Let t be (w/(-6))/((-3)/(-48)). Let q(y) = -y**3 - 8*y**2 - 3. Calculate q(t).
-3
Suppose -5*v = -3*v - 10. Suppose v*f - 13 = z, -2*z + 0*z + 4*f - 8 = 0. Let i(s) = -s**2 + 2. Calculate i(z).
-2
Let z = -1982 + 1986. Let j(h) be the first derivative of -1/4*h**z + 11 - 3/2*h**2 + 5/3*h**3 + 5*h. Determine j(4).
9
Let r(a) be the second derivative of a**4/12 - a**3/2 + 3*a**2/2 + 16*a - 19. Let m be (2*1)/(1/2). Give r(m).
7
Let h(v) = -v**3 - 3464*v**2 - 9*v + 6902*v**2 + 8 - 3449*v**2. Give h(-10).
-2
Suppose 0 = 2*c - c - 1. Suppose -3*q = -4*n - 4 - 12, 2*n + 8 = 4*q. Let u(a) = 25*a + 9. Let w(j) = -12*j - 5. Let k(i) = n*u(i) - 7*w(i). Give k(c).
-17
Let y(q) = -33*q + 0*q**3 + q**3 + 14*q - 4*q**2 - 7 + 13*q. Calculate y(5).
-12
Let r(x) = 4*x + 11. Suppose 33*h + 8 = 31*h. Calculate r(h).
-5
Let y(w) = -8*w**2 + w - 1. Let z(i) = -16*i**2 + 3*i - 2. Let p(x) = -7*y(x) + 3*z(x). Let f be p(-1). Let c(n) = 4 + n - 7*n**3 + 3 - f. Determine c(1).
-6
Let c(r) = -38 - 28 + r - 39 + 83. Calculate c(20).
-2
Let f(g) = -2*g**2 - g + 7. Let c be (-1)/(((-4)/(-3))/(460/69)). Calculate f(c).
-38
Let u(y) = -3*y**3 + 10*y**2 + 12*y. Let z(m) = m**3 - 5*m**2 - 6*m. Let l(p) = -2*u(p) - 5*z(p). Let j = -27 + 32. Let d = j - 9. Give l(d).
-8
Let q(b) = 10*b + 3 - 6*b - 5*b - 8*b + 7*b. Let o = -6 - -8. Give q(o).
-1
Let p(l) = 17 - 1063*l - 12 + 1062*l - 12. Suppose 20 = 3*n + 2. Suppose 0 = 5*y - n + 41. What is p(y)?
0
Let b(s) = 3*s - 5. Let k(m) = -10*m + 14. Suppose 3*d - 1 = 17. Let l(i) = d*k(i) + 17*b(i). Let p = 1 - 0. Calculate l(p).
-10
Let u be (9/(-12))/((310/(-120))/31). Let c(t) = 4*t. Determine c(u).
36
Let x(f) = 3*f**3 - 3*f**2 + 7*f + 4. Let v(o) = 2*o**3 - 3*o**2 + 5*o + 4. Let t(z) = 4*v(z) - 3*x(z). Calculate t(-4).
24
Let l = 6 + -3. Suppose 36 = -2*v + 2*c, 2*c - 76 = 4*v - l*c. Let m = v + 17. Let j(s) = -s**3 + 2*s**2 + s + 1. Give j(m).
-5
Let o(z) = -5*z**2 - 2*z - 11. Let k(f) = 4*f**2 + 2*f + 10. Let v(u) = -6*k(u) - 5*o(u). What is v(0)?
-5
Let f(a) = 9*a**3 - 1. Suppose 0 = -243*u + 263*u + 20. Calculate f(u).
-10
Let z(p) = -22*p + 3 + 3 + 45*p - 24*p. Let b be -3*(-8)/60*5 + -2. Give z(b).
6
Let z be -10 + (5 - -11) + -4 + 1. Let o(b) = 1. Let x(s) = -3*s + 5. Let i(p) = -2*o(p) + x(p). Let v be i(z). Let h(u) = -u**2 - 6*u. Give h(v).
0
Let a = 13 + -23. Let j = a - -19. Suppose 7 = -4*b - j. Let z(f) = -f - 5. Determine z(b).
-1
Let p(z) = 5*z**2 + 18*z + 41. Let k(t) = -3*t**2 - 12*t - 26. Let f(u) = 8*k(u) + 5*p(u). Let l = 13 - 8. What is f(l)?
-8
Let w = -59 + 57. Let u be w/(-12)*-3*-12. Let o(y) = 4*y**3 + 1 - 5*y**3 + 3*y**2 + 2*y**2 + 5*y. Calculate o(u).
-5
Let l = 39 + -21. Let n(p) = -l*p**2 - 7*p**2 - p - 2*p**3 + 29*p**2 - 2. Calculate n(2).
-4
Let q(n) = 21*n**2 - 4*n - 1 + 17*n**2 - 43*n**2. Determine q(-3).
-34
Let x(w) = -13*w + 2. Let d(b) = 7*b - 1. Suppose 0 = 14*y - 4*y + 40. Let q(h) = y*x(h) - 7*d(h). Determine q(-1).
-4
Let z(f) = f - 5. Let l be z(0). Let v(t) = t**3 + 6*t**2 - 5. Calculate v(l).
20
Let d(u) be the second derivative of u**4/6 - u**3/2 - 2*u**2 - 186*u - 3. What is d(-1)?
1
Let p(j) = 7*j - 17. Let q be p(3). Let a(w) = 5*w**3 - 6*w**2 + 2*w - 4. Let r(g) = g**3 - g**2 + g - 1. Let f(b) = q*r(b) - a(b). Determine f(3).
-3
Let j be (1/3)/((-2)/(-12)). Suppose -2 = -2*x + j. Suppose -3*m + 14 = x. Let o(t) = -t**2 + 5*t - 3. What is o(m)?
1
Let z(c) = -57*c - 57*c + 105*c. Give z(3).
-27
Suppose -j - 5 = 0, 2*z - 6*z + 37 = -5*j. Suppose 4*o - y - 45 = 0, o - 4*y + y - z = 0. Suppose -3*g = -5*g - o. Let u(l) = -l - 2. Calculate u(g).
4
Let v(o) = -3 + 8*o - 5*o + 3. Let a = -57 - -58. Determine v(a).
3
Let h(g) = -g - 1. Let c be 230/(-6) + 1/3. Let f be (c/8 + (1 - -3))*-4. Give h(f).
-4
Let a(d) be the third derivative of d**4/24 - d**3/6 - 58*d**2. Let i be (8/3)/((-34)/(-51)). Determine a(i).
3
Let g be 6*(-3 - -4)/2. Suppose g*i = 4*i - 2. Let z(o) = -o**2 + o. Determine z(i).
-2
Suppose -8 = 7*x - 9*x + 2*r, 2*x - 4 = -2*r. Let i(w) be the second derivative of -1/2*w**2 + 0*w**x + 7*w + 1/6*w**4 + 0. Give i(-2).
7
Let m = -16 + 40. Suppose -10*s = -4*s + m. Let q(p) = -p**2 - 4*p - 1. Let x(z) = -1. Let a(v) = q(v) + 3*x(v). What is a(s)?
-4
Suppose 2*f - 4*f - 10 = 0, 5*p + f = 15. Let r(b) = -b - 3. Give r(p).
-7
Suppose -20 = -l - 3*l - 5*s, l - 5 = -2*s. Let t(c) = 4*c + l*c + 4 + c - 11*c. Give t(8).
-4
Let z(r) be the second derivative of -6*r**2 + 0 - 1/12*r**4 + 3/2*r**3 + 3*r. Calculate z(8).
-4
Let c(i) = -i + 15. Let d(t) = -2*t + 28. Let a(f) = 5*c(f) - 3*d(f). Let v be a(11). Let g(l) = l**3 - 2*l**2 + l + 1. Determine g(v).
3
Let k(r) = -3*r**2 + 11*r - 1. Suppose 6*c + 2 = 5*c. Let v(i) = i**2 - 6*i. Let x(n) = c*k(n) - 5*v(n). Determine x(-8).
2
Suppose 36 = 2*u + 4*u. Suppose 0*d + d = -2*k - 6, 4*d + 2*k = -u. Let x(c) = -c**2 - 2. Give x(d).
-2
Let b(t) = t**3 + 6*t**2 + 4*t + 2. Let q = 94 + -97. Calculate b(q).
17
Let h(v) be the second derivative of 13*v**3/6 + 27*v**2/2 + 2*v. Let g(l) = -3*l - 7. Let u(z) = 9*g(z) + 2*h(z). Let b = -45 + 41. Give u(b).
-5
Suppose -2*r + 56 = 3*v - r, -4*r + 15 = v. Let a = v - 14